 of 156108.
2, 3, 13009
List the prime factors of 45783.
3, 5087
What are the prime factors of 7142?
2, 3571
List the prime factors of 394.
2, 197
List the prime factors of 8352.
2, 3, 29
List the prime factors of 13039.
13, 17, 59
What are the prime factors of 92977?
109, 853
What are the prime factors of 4836?
2, 3, 13, 31
List the prime factors of 300.
2, 3, 5
What are the prime factors of 7564?
2, 31, 61
List the prime factors of 40401.
3, 67
List the prime factors of 968.
2, 11
What are the prime factors of 50741?
50741
What are the prime factors of 4254?
2, 3, 709
What are the prime factors of 94838?
2, 47419
List the prime factors of 27598.
2, 13799
List the prime factors of 3634.
2, 23, 79
List the prime factors of 6429.
3, 2143
List the prime factors of 761.
761
What are the prime factors of 31951?
89, 359
List the prime factors of 10048.
2, 157
What are the prime factors of 21605?
5, 29, 149
List the prime factors of 50461.
50461
List the prime factors of 49456.
2, 11, 281
What are the prime factors of 8840?
2, 5, 13, 17
What are the prime factors of 853?
853
List the prime factors of 29050.
2, 5, 7, 83
What are the prime factors of 45517?
23, 1979
List the prime factors of 2248.
2, 281
What are the prime factors of 24087?
3, 7, 31, 37
List the prime factors of 6237.
3, 7, 11
List the prime factors of 4493.
4493
What are the prime factors of 137302?
2, 11, 79
What are the prime factors of 10821?
3, 3607
What are the prime factors of 397?
397
List the prime factors of 15576.
2, 3, 11, 59
List the prime factors of 1433.
1433
What are the prime factors of 67668?
2, 3, 5639
List the prime factors of 1443.
3, 13, 37
What are the prime factors of 1843?
19, 97
What are the prime factors of 13124?
2, 17, 193
What are the prime factors of 1637?
1637
List the prime factors of 32780.
2, 5, 11, 149
What are the prime factors of 22?
2, 11
What are the prime factors of 13650?
2, 3, 5, 7, 13
What are the prime factors of 4058?
2, 2029
What are the prime factors of 29361?
3, 9787
List the prime factors of 230.
2, 5, 23
List the prime factors of 11019.
3, 3673
List the prime factors of 51814.
2, 7, 3701
What are the prime factors of 7432?
2, 929
List the prime factors of 61079.
103, 593
List the prime factors of 1253.
7, 179
What are the prime factors of 2019?
3, 673
What are the prime factors of 667?
23, 29
What are the prime factors of 68298?
2, 3, 11383
What are the prime factors of 1359?
3, 151
List the prime factors of 105353.
137, 769
List the prime factors of 1340.
2, 5, 67
List the prime factors of 35626.
2, 47, 379
List the prime factors of 10925.
5, 19, 23
What are the prime factors of 46797?
3, 19, 821
What are the prime factors of 433?
433
List the prime factors of 602.
2, 7, 43
List the prime factors of 11659.
89, 131
What are the prime factors of 23715?
3, 5, 17, 31
What are the prime factors of 4018?
2, 7, 41
What are the prime factors of 1504?
2, 47
List the prime factors of 2461.
23, 107
List the prime factors of 148680.
2, 3, 5, 7, 59
What are the prime factors of 220?
2, 5, 11
What are the prime factors of 4011?
3, 7, 191
What are the prime factors of 40641?
3, 19, 23, 31
What are the prime factors of 1216?
2, 19
What are the prime factors of 70330?
2, 5, 13, 541
List the prime factors of 19153.
107, 179
What are the prime factors of 3048?
2, 3, 127
List the prime factors of 7109.
7109
List the prime factors of 2112.
2, 3, 11
What are the prime factors of 3289?
11, 13, 23
What are the prime factors of 41185?
5, 8237
What are the prime factors of 1132?
2, 283
What are the prime factors of 13966?
2, 6983
What are the prime factors of 31473?
3, 13, 269
What are the prime factors of 1920?
2, 3, 5
What are the prime factors of 38247?
3, 11, 19, 61
List the prime factors of 787.
787
What are the prime factors of 1696?
2, 53
List the prime factors of 73401.
3, 43, 569
List the prime factors of 179.
179
What are the prime factors of 758?
2, 379
What are the prime factors of 6472?
2, 809
List the prime factors of 56.
2, 7
What are the prime factors of 31709?
37, 857
List the prime factors of 2998.
2, 1499
What are the prime factors of 555?
3, 5, 37
List the prime factors of 2387.
7, 11, 31
List the prime factors of 70237.
70237
List the prime factors of 7652.
2, 1913
List the prime factors of 5379.
3, 11, 163
List the prime factors of 16651.
16651
What are the prime factors of 81?
3
What are the prime factors of 151?
151
What are the prime factors of 12439?
7, 1777
List the prime factors of 65212.
2, 7, 17, 137
What are the prime factors of 37476?
2, 3, 347
What are the prime factors of 5037?
3, 23, 73
List the prime factors of 31446.
2, 3, 1747
What are the prime factors of 8173?
11, 743
What are the prime factors of 30098?
2, 101, 149
List the prime factors of 10036.
2, 13, 193
List the prime factors of 1262.
2, 631
What are the prime factors of 179?
179
List the prime factors of 1393.
7, 199
List the prime factors of 5398.
2, 2699
What are the prime factors of 104913?
3, 11657
List the prime factors of 2934.
2, 3, 163
List the prime factors of 58662.
2, 3, 3259
What are the prime factors of 14204?
2, 53, 67
What are the prime factors of 342?
2, 3, 19
List the prime factors of 3517.
3517
What are the prime factors of 202?
2, 101
List the prime factors of 1659.
3, 7, 79
List the prime factors of 4284.
2, 3, 7, 17
List the prime factors of 1140.
2, 3, 5, 19
What are the prime factors of 884?
2, 13, 17
What are the prime factors of 1325?
5, 53
List the prime factors of 26067.
3, 8689
What are the prime factors of 44195?
5, 8839
List the prime factors of 38428.
2, 13, 739
List the prime factors of 70031.
13, 5387
List the prime factors of 1337.
7, 191
List the prime factors of 27940.
2, 5, 11, 127
What are the prime factors of 38942?
2, 19471
List the prime factors of 8764.
2, 7, 313
What are the prime factors of 235?
5, 47
What are the prime factors of 31492?
2, 7873
List the prime factors of 247.
13, 19
What are the prime factors of 4095?
3, 5, 7, 13
List the prime factors of 10053.
3, 1117
List the prime factors of 3359.
3359
What are the prime factors of 83611?
11, 691
List the prime factors of 2704.
2, 13
List the prime factors of 1341.
3, 149
What are the prime factors of 2179?
2179
What are the prime factors of 63378?
2, 3, 7, 503
What are the prime factors of 9272?
2, 19, 61
List the prime factors of 62.
2, 31
List the prime factors of 149935.
5, 157, 191
What are the prime factors of 2400?
2, 3, 5
What are the prime factors of 2535?
3, 5, 13
List the prime factors of 1294.
2, 647
List the prime factors of 1764.
2, 3, 7
What are the prime factors of 14517?
3, 1613
List the prime factors of 76646.
2, 19, 2017
List the prime factors of 6371.
23, 277
What are the prime factors of 21867?
3, 37, 197
List the prime factors of 38170.
2, 5, 11, 347
What are the prime factors of 4088?
2, 7, 73
List the prime factors of 1404.
2, 3, 13
List the prime factors of 1101.
3, 367
What are the prime factors of 54120?
2, 3, 5, 11, 41
What are the prime factors of 61?
61
List the prime factors of 3659.
3659
List the prime factors of 493.
17, 29
What are the prime factors of 3198?
2, 3, 13, 41
List the prime factors of 14860.
2, 5, 743
List the prime factors of 35232.
2, 3, 367
List the prime factors of 1748.
2, 19, 23
List the prime factors of 1151.
1151
List the prime factors of 548.
2, 137
What are the prime factors of 6228?
2, 3, 173
What are the prime factors of 852?
2, 3, 71
List the prime factors of 2584.
2, 17, 19
What are the prime factors of 2830?
2, 5, 283
List the prime factors of 281.
281
List the prime factors of 62490.
2, 3, 5, 2083
What are the prime factors of 5201?
7, 743
What are the prime factors of 14176?
2, 443
List the prime factors of 26294.
2, 13147
List the prime factors of 7399.
7, 151
List the prime factors of 4.
2
List the prime factors of 24115.
5, 7, 13, 53
List the prime factors of 1070.
2, 5, 107
List the prime factors of 51656.
2, 11, 587
What are the prime factors of 6035?
5, 17, 71
List the prime factors of 2452.
2, 613
List the prime factors of 1914.
2, 3, 11, 29
List the prime factors of 26504.
2, 3313
What are the prime factors of 23782?
2, 11, 23, 47
What are the prime factors of 6420?
2, 3, 5, 107
What are the